 (61 - (-1 + -9 + 16)).
-41
Evaluate -8 + 23 - (-28 + (87 - 52)).
8
What is the value of 48 - ((-16 - 1) + (61 - (-35 - -82)))?
51
Calculate -23 - (14 + -83 + 25 + -12).
33
What is -20 - (-40 + 4) - 2?
14
Calculate -12 - -2 - (-32 - (-6 - (9 - 0) - -9)).
16
What is -31 + 62 + -33 + (8 - (3 - 62))?
65
What is the value of (18 + (20 - (17 + 9)) - 19) + 89?
82
What is the value of -25 + -55 + 48 + -22?
-54
Calculate -26 - (-4 - 48 - -17).
9
(-68 - 13) + (-1 - 5 - (-13 - -27))
-101
-166 + 150 - (-39 - 1)
24
What is 347 - 344 - (-1 + 27 - 2 - -3)?
-24
Evaluate (-68 - 1) + 11 + (-40 - -61) + -20.
-57
What is 1 - 78 - (198 - 240)?
-35
Calculate (751 - 753) + -13 + -2 - 84.
-101
What is the value of 131 + -2 - (7037 - 6840)?
-68
Evaluate 121 - 0 - (8312 + -8239).
48
Evaluate (333 - 345) + -1 + 15 - (6 - (-4 - -1)).
-7
What is 31 - (-8 + 9) - (15 + 2)?
13
Evaluate 19 + 14 - 56 - -44.
21
-42 - -1 - (-372 + 298)
33
Calculate (0 - -1) + (-142 - (-2 - 16 - (-354 - -343))).
-134
What is the value of 10 + -81 - (93 + -178)?
14
What is (-11 - (25 + -5 + -68 + 37)) + 70?
70
Evaluate 7 + (-3 - -2) + 18 + (-354 - -362).
32
(-141 - -85) + 100 - (5 + -1)
40
(-358 - -435) + -2 + (-12 - 8)
55
What is the value of (-10 - (-27 - 1)) + -38?
-20
-11 + (550 - 562 - (0 + (1 - 21)))
-3
What is the value of -14 + (25 + -43 + -81 - -26)?
-87
What is -27 + (19 - 61) - -113?
44
What is 30 + (13 - 14) + 0?
29
Calculate (-4 + 0 - -2) + (-26 - -12) + -31.
-47
Evaluate (1 - -36) + (61 + -184 - -116).
30
What is the value of (-38 - -11) + (9 - (8 - 13) - 5) - -9?
-9
What is the value of 15 - (-11 + (-9 - 2))?
37
What is -150 + 60 + 112 - (-1 + 88)?
-65
Evaluate 8 - (21 + (44 - 64)).
7
What is -5 + 53 - -2 - 45 - (0 - 45)?
50
(-1 - -2) + -12 + -25 + (12 - 19)
-43
What is the value of -13 + -2 - (16 - (8 - -16)) - (-2 + -18)?
13
What is the value of (-53 + 24 - -9) + (-3 - -2) + -3?
-24
Calculate (41 - (-51 + 57)) + -81.
-46
What is the value of 16 + -1 + -16 + 320 + -287?
32
-13 - (-20 + 7 + -49)
49
Calculate 1 + -17 + (-12 - 11) + 22 + 62.
45
What is the value of 82 + (-9 - (-5 + -20) - 2 - (15 + -14))?
95
Calculate 107 + -202 + 0 + -1 - 25.
-121
What is the value of 33 - (-2 + (1 - (-50 - -7)))?
-9
What is -33 + (16 + -25 - -26) - -13 - 0?
-3
What is (58 - -10) + -56 + (86 - 4)?
94
Evaluate 7 - 22 - -24 - 4 - 21 - -73.
57
Calculate 187 - (337 + -146) - (1 + -2 + -49).
46
Evaluate -534 - -582 - (60 - -1).
-13
What is the value of (-1 - 33) + -579 + 591?
-22
Calculate 34 + (21 - 12) + -14 + -114.
-85
What is -55 + (137 - 49) + -17?
16
What is the value of (2 - 15) + -994 + 1012 - (13 - 1)?
-7
Evaluate 9 + 70 + (4 - (15 - (-6 + 9 + -5))).
66
Calculate -13 + 4 + 0 + -3 + (18 - -43).
49
-99 + 51 - (-23 - 66)
41
What is the value of (13 - (3 + 3)) + (0 - 0) + (-203 - -185)?
-11
Evaluate 63 - ((25 - 65) + 55).
48
What is the value of (-76 + 68 - (-2 - (-3 - -5))) + 7 - 38?
-35
Evaluate -43 - (88 + (-100 - 29)).
-2
What is -19 + -14 - (82 - (92 + -57))?
-80
Evaluate 19 + (19 - (13 - (-2 + 0 + 8))).
31
Evaluate 231 + -222 - (0 - ((-1 - -5) + -9)) - 1.
3
Evaluate 41 - (0 + 5 + -10 + 1 + 0).
45
What is the value of -16 - (-124 + 83) - 24?
1
4 + 4 + -20 + (31 - 153) + 80
-54
24 + (-52 - 12) + 25
-15
What is 142 + -61 + -74 + 1 + 1 + -1 + 46?
54
Calculate -26 + -8 - (-1263 - -1144).
85
Calculate 162 - ((6 - -30) + (29 - 23)).
120
Evaluate 117 - 113 - (-43 + -6 + 6).
47
Evaluate -151 + (145 - (90 + -76)).
-20
What is (217 - 45 - 72) + 15?
115
-2 - -7 - (-20 + 21) - 4 - (97 - 95)
-2
0 + 31 + -65 + 32 + 95
93
What is the value of -95 - (15 - 158) - (2 - -9 - -2)?
35
What is -31 + (80 - 39) - ((15 - -1 - 3) + -1)?
-2
Calculate 69 + -28 + -2 - (0 + -10 - -16).
33
-99 + (-32 - -55 - -26)
-50
What is -56 - (-127 + 84 + -60)?
47
What is -1 + 15 + 3 + (364 - 347)?
34
What is 25 - ((14 - -1) + 27) - 9?
-26
What is -4 - (5 - (-7 + (19 - 4)) - (-23 + 1))?
-23
What is -29 - (6 + 2 + (9 + 1 - 4 - 15))?
-28
What is the value of (-77 - -28) + -29 + 39?
-39
What is 68 + -84 + -25 - -2?
-39
What is -8 - -12 - (1 - 2) - 2 - (-100 + 109)?
-6
Calculate 11 - (23 + -57) - (2 + 13).
30
-72 + -2 + -1291 + 1296
-69
What is the value of 11 - -4 - ((2 - -2) + 5 - (0 - 2))?
4
What is the value of -19 + 2 + 0 + (42 - 97) + 0 + -6?
-78
Evaluate -23 - (-5 + 0 - 55).
37
What is -1417 + 1437 - (1 + -68 + -2)?
89
Calculate 10 + -51 - (127 + -244).
76
Evaluate 72 + (-9 - -26) + -20 + -22.
47
6 + 3 + -5 + 49 + -49 + (86 - 49)
41
Evaluate -181 + -27 + 110 - (2 - 30).
-70
-5 + (25 + 17 + -15 - 65)
-43
Evaluate -14 + 14 + -16 + (32 - 17 - 17).
-18
(-22 - (16 - 32)) + 11 - -62 - -4
71
Evaluate 37 + (26 + 15 - 87) + 5.
-4
Evaluate (40 + -138 - -59) + 58.
19
82 + -111 - (-20 - -53)
-62
What is the value of 11 - -8 - (21 - (-74 - -40))?
-36
Evaluate -23 - (20 - 15 - -9 - (-18 - -18)).
-37
Calculate (292 - 296 - (3 + 0 + 2)) + 27.
18
Calculate 71 + -6 + (2 - (7 + -6) - 5) - 5.
56
Evaluate -3 + (-20 - -17) + 9 + -17.
-14
Evaluate 10 + (-9 - (-9 + 19 + -15 - -3)) + -47.
-44
What is the value of 151 - (-69 + 99) - 54?
67
-27 - 11 - -26 - 2 - -11
-3
9 + -22 + 15 + -2 + 64 - 9
55
(2 - 0) + -2 - 1 - (142 - (-157 - -336))
36
(-57 - 8) + 58 - -54
47
Calculate 4841 + -4872 - (39 + 0).
-70
45 + 1 - 33 - (0 + 2)
11
What is 29 + (14 + (-17 - 8) - -3)?
21
5 - (14 - (-33 + (35 - 29)))
-36
What is -13 + 10 - (-4 + -13 - -37)?
-23
What is the value of -5 + 2 + -23 + (7 - (-116 - -9))?
88
53 - (-22 - -93) - 23
-41
Calculate -1 + 10 - (-1 + 92 + -103).
21
What is the value of -8 + -48 + (14 - 1) + 5?
-38
What is the value of 7 - -5 - ((33 - 3) + -20 + 12)?
-10
Calculate 7 + -17 + 11 + (9 - 25) - -1.
-14
What is (-289 - -343) + (3 - 18)?
39
Calculate (-4 + 25 - 3) + 4 - (-27 + (3 - -19)).
27
What is -59 - -67 - (-28 - 0 - (-9 + 3))?
30
Evaluate -29 + -25 + (11 - 22) + 16.
-49
Calculate 23 - (11 - -37) - (-20 - 0).
-5
30 + (0 + 4 - ((11 - 20 - -30) + -13))
26
What is the value of (7 - (8 + -12 + (12 - 10))) + 32?
41
Evaluate 66 - (59 + -74 + 49).
32
Evaluate (-2 + 19 - (1 - -1 - -8)) + (-1 - 15).
-9
Calculate -9 + 28 + (-25 - (16 + -32)).
10
What is the value of 12 + (-31 - -27 - (-3 - -1)) + 20?
30
What is the value of -15 + -7 + -17 + 9 + (8 - 18)?
-40
What is -56 - (-66 + -76 + 53)?
33
-1 + (1 - 1) - (65 + -170 + 116)
-12
What is the value of -45 - (-26 + 21 + 4 + -12 + -3)?
-29
What is the value of 10 - (2 + 7 + (7 + -40 - -36))?
-2
What is -3 - (4 + (6 - -1)) - ((-56 - -46) + 11)?
-15
-10 + (-6 - (-4 - -1)) - (1 - 5 - -15)
-24
What is the value of 64 + (7 + 2 + 4 - (59 + -49))?
67
Evaluate (-9 - -10) + (2 + -54 - (5 - 15 - -2)).
-43
Calculate (2398 - 2316) + (-95 - -3).
-10
What is 37 - (-15 + 0) - (6 - -2)?
44
Calculate 43 - (15 - (29 + (-3 - (-10 + 0))) - -13).
51
Evaluate (-83 - -33) + 44 + (3 - -31).
28
Evaluate -23 - (4 + (4 - 7) + -7 + 9).
-26
What is 665 + -663 - (14 + -2)?
-10
Calculate -281 + 140 + 40 - (-1 - 18).
-82
Evaluate 108 - (2 - 4) - (-8 - -4) - (185 + -171).
100
Evaluate (-1 - (-2 + 14)) + (-11 - (26 - 27 - 16)).
-7
Calculate -57 + 11 - (13 + (-40 - -19)).
-38
-6 + (-1 - 1) + 2 + -34 + 34 + -38
-44
Calculate -46 + -10 + 48 + (-1 - (-7 - 1)) - -9.
8
Calculate -14 - (165 - 181 - (-1 + -12)) - 0 - -67.
56
98 + (30 - (104 - 54))
78
(-2 + 2 + -1 - (9 + -5)) + (-363 - -284)
-84
Evaluate -22171 + 22191 + -1 + -3 + 2 + -67.
-49
What is the value of (-13 - -2) + (7 - -2) + (-1 - 44)?
-47
(263 - 275) + (29 - 1) + 1 + -3
14
What is -26 + (11 - -8 - (-4 - 34))?
31
Calculate 1 + -43 + (-7301 - -7419).
76
-4 - -16 - 3 - (24 + (-1 - (-5 - -3)))
-16
What is the value of (0 - (39 + 4) - -7) + 4 + -5 + -11?
-48
What is the value of -307 - -322 - (1 - -156)?
-142
Evaluate (-4 - -7) + -17 + -141 + 249 + 2.
96
Evaluate (57 + -48 - 94) + 23 + 0.
-62
What is the value of -64 + (28 - 3) + -3?
-42
What is the value of 5882 - 5869 - (0 + 155)?
-142
What is the value of (5 + 2 - 7 - 6) + (7 - 7) + -51?
-57
What is 123 + -99 + -3 + (-8 - -6) + 17 + -2?
34
-20 - (-21 + (-33 - -14 - -24)) - (65 - -1)
-70
Calculate -19446 + 19331 - (0 - 36).
-79
What is the value of -26 + (-22 - -33) + 20 + -27?
-22
(895 - 960 - (23 - 2)) + 19 + 1
-66
What is 20 + 8 + 2 + 2 - 13 - (5 - -2)?
12
Calculate -3 + (-36 - -63) + (-3 - -4).
25
What is the value of (-4 - -60) + -710 +